e the second derivative of h**5/20 + 7*h**4/12 + h**3 - 2*h**2 + h. What is b(s)?
-4
Let x(s) = s**2 - 7*s + 8. Suppose -5*v - 2*o + 0*o + 20 = 0, -o = 0. Give x(v).
-4
Let n(x) = x**2 + 4*x - 2. Let o be n(-5). Let a(t) = -2*t - t + o - 8*t**2 + 5*t + 8 - t**3. Suppose -5*i = 4*j + 24, -5*i = -7*j + 8*j + 36. What is a(i)?
-5
Let o(h) = 26 - 12 - h - 11. Let s be (-2)/((-2)/10*-2). Give o(s).
8
Let x(o) = -o**3 + 5*o**2 + 2*o - 5. Let i be x(5). Let q(a) be the second derivative of a**3/3 - a**2 - 110*a. Determine q(i).
8
Let y be (-8)/(-2) + (-21)/(-21). Let k(d) = 3 - 9*d + y*d + 2*d. What is k(-4)?
11
Let w be -1 - (1 - 1/1). Suppose -4*y = -20, 4*f + 5*y - 37 = 4*y. Let j(r) = 1 - 8*r + 8*r**3 - 8*r - f*r + 26*r. Give j(w).
-9
Let i(n) = 3*n**3 + 13*n**2 - 5*n - 3. Let w(g) = 2*g**3 + 10*g**2 - 4*g - 2. Let u(p) = 3*i(p) - 4*w(p). Calculate u(2).
5
Let r(b) be the second derivative of 0 + 1/2*b**2 + 0*b**3 + 0*b**4 - 10*b + 3/20*b**5. Give r(1).
4
Let n(s) = -316*s**2 - 11*s + 315*s**2 + 23 - s. Calculate n(-14).
-5
Let w(k) be the first derivative of -17*k**3/3 + k**2/2 + 7. Give w(1).
-16
Let z(v) = -1148160 + v + 1148165 - 2*v. Determine z(11).
-6
Let h(s) be the second derivative of 0 - s**3 + 55*s + 1/2*s**2. Determine h(1).
-5
Let g(h) = -7*h**2 - 2*h - 6. Let s(f) = -7*f**2 - f - 4. Let x(q) = -2*g(q) + 3*s(q). Calculate x(1).
-6
Let u(i) be the first derivative of i**2/2 - 8*i - 2. Suppose 5*o - 15 = -3*h, 0 = -4*h - h. Suppose -2*l + 4 = 2*b + 2*l, -o*l = 3. What is u(b)?
-4
Let d(q) be the third derivative of q**8/6720 - q**7/630 - q**6/120 - 19*q**4/24 + 6*q**2. Let v(n) be the second derivative of d(n). Calculate v(5).
-5
Let w = -120 - -168. Let c = -47 + w. Let q(t) be the second derivative of 3*t**5/20 + t**4/12 - t**2/2 - t. Determine q(c).
3
Let p(j) be the second derivative of 1/6*j**3 + 1/2*j**2 + 11/12*j**4 - 4*j + 0. Let y be 3/(-3) + -3 + 3. Give p(y).
11
Let f(c) = -4*c**2 - c**3 + c**3 - c**3 - c. Suppose 3*x - 27 = -4*m, 4*x + 3 = m + x. Suppose -24 = 4*a + 2*g, 4*g + 10 = -m. Determine f(a).
4
Let j be 7/14 + (-7)/2. Let b(q) = q + 8. Let p be b(0). Let o = p + j. Let i(n) = n**3 - 4*n**2 - 5*n + 5. Give i(o).
5
Let d(l) = 31*l - 31*l - 5*l**2 - 1. Let i(n) = 2*n**3 - 2*n - 1. Let w = -8 - -7. Let b be i(w). What is d(b)?
-6
Let m(o) = o**2 - 9*o + 6. Let d(p) = p**2 - 10*p + 6. Let l(c) = 5*d(c) - 6*m(c). Give l(3).
-3
Suppose 4*c = 4*j - 8, -3 = 4*c - j + 14. Let i(a) = 11*a**3 + 7*a**2 + 3*a - 10. Let f(q) = -4*q**3 - 2*q**2 - q + 4. Let b(l) = 8*f(l) + 3*i(l). Give b(c).
-3
Suppose 3*v - 2*t = 5, -3*v - 11 + 21 = -t. Let b(i) = 3*i - 3*i**3 + 2*i**3 + 0*i**2 + 4*i**2 - 7. Calculate b(v).
-17
Let z(x) = -3*x - 6. Let o be z(-4). Let w(k) = -7*k**3 - 8*k**2 + 7*k + 4. Let f(b) = 10*b**3 + 10*b**2 - 10*b - 6. Let v(n) = 5*f(n) + 7*w(n). Give v(o).
-8
Let z(o) be the first derivative of -o**3/3 + 2*o**2 + 18*o - 328. What is z(6)?
6
Let w = -50 - -53. Let k(v) = 4*v - 13. Suppose 11 = 5*l - 24. Let g(p) = 2*p - 7. Let q(d) = l*g(d) - 4*k(d). What is q(w)?
-3
Let w = -77 - -83. Let v(u) = w*u**2 - 8*u**2 + u**2 + 10*u - 7. Determine v(5).
18
Let y(m) = m**2 - 5*m - 5. Let j(b) = -b**3 + 11*b**2 + 14*b - 19. Let v be j(12). Give y(v).
-5
Suppose 3*h = t + 14, 0 = 2*h - 3*t - 11 - 3. Suppose 1 = -h*z - 15. Let c(n) = -n**3 - 4*n**2 + 2*n + 5. Give c(z).
-3
Suppose 2*g - 10*t - 2 = -8*t, t - 7 = -3*g. Suppose -r + 3 = g*d, -4*d + 8*d - r = -9. Let b(n) = -12*n + 1. Determine b(d).
13
Let b(t) = 3*t**3 + 3*t**2 + 4*t + 3. Let i(l) = -2*l**2 - 29*l - 8. Let c be i(-14). Suppose -c*w - 19 = -7. Determine b(w).
-17
Let l = -7 - -12. Let b(x) = -2*x + x + l - 18 + 14. What is b(-2)?
3
Let p be (1 + -5)/20 - 5/(-25). Let l(y) be the third derivative of 5/24*y**4 + 5/6*y**3 - 1/60*y**5 + 5*y**2 + p + 0*y. Give l(5).
5
Let c = 12 - 6. Let y = c + -8. Let o(u) = 6*u + 2. Calculate o(y).
-10
Let z(y) be the first derivative of -y**3 + 3*y**2/2 + 3*y + 172. What is z(-1)?
-3
Suppose 4 = o - 5*o. Let y(h) = 10*h + 29*h - 60*h + 12*h. Determine y(o).
9
Let j(u) be the second derivative of u**3/3 - u**2/2 - 28*u - 4. Determine j(2).
3
Let c(k) be the first derivative of k**2 + k - k**3 + 1 + 1/4*k**4. Give c(3).
7
Let r(f) = 2*f**2 - 2. Suppose 5*k - 25 = 4*z, -k - 1 = -z - 6. Suppose -w - 10 + 8 = z. Calculate r(w).
6
Let y(a) = -7*a**2 - 13*a + 6. Let z(m) = 6*m**2 + 12*m - 5. Let t(d) = -5*y(d) - 6*z(d). Calculate t(-7).
0
Suppose 10*c - 9 = 13*c. Let n(r) = 7*r - 2. What is n(c)?
-23
Let c = 324 + -328. Let q(h) = h**3 + 3*h**2 - 8*h - 5. What is q(c)?
11
Let u(k) = k**3 + 3*k**2 + 3*k + 3. Let t(z) = -z**2 - z + 4. Suppose 0 = 2*c + 4*s - 6, 2*c + 3*s = -c. Let f be t(c). Determine u(f).
1
Let x be (-3)/4 - (-34)/(-8). Let k(r) = r**2 - r - 2. Let n(i) = -i**3 - 8*i**2 + 7*i + 7. Let b(h) = 4*k(h) + n(h). Give b(x).
9
Suppose -15 = 3*g, 3*r - 3*g - 15 = -r. Let l(y) be the first derivative of -y**3/3 + y**2/2 - y - 4. Give l(r).
-1
Let n(m) be the third derivative of m**6/120 - 2*m**5/15 - m**4/24 + 5*m**3/6 - 306*m**2. What is n(8)?
-3
Let t(c) be the first derivative of c**2/2 + 3*c - 993. Let v be (-2)/3 - 6/(-9). Let x = v - 0. Give t(x).
3
Let n = 47 - 19. Let o = 56 - n. Let h be (-6)/(-21) - (-160)/o. Let x(f) = f + 4. Give x(h).
10
Suppose -u - 37 = 2*f, 0*f - 4*f = u + 45. Let z = u - -26. Let n(a) = -a**3 - a**2 + 4*a + 1. Determine n(z).
7
Let s(r) = 1236*r**2 + 1246*r**2 + 16 + 8*r - 2481*r**2. Calculate s(-6).
4
Let t(d) be the third derivative of -d**4/24 - 5*d**3/6 - 177*d**2. Let b be 1/1 + (-5 - 0). Give t(b).
-1
Let w(o) be the second derivative of o**5/15 - o**4/24 + 20*o**3/3 - 40*o. Let u(c) be the second derivative of w(c). What is u(-1)?
-9
Let b = 276 - 115. Let v be (3/4)/(b/56 - 3). Let t(k) = -k**3 - 6*k**2 - 3*k - 3. Give t(v).
15
Let s = 60 - 64. Let t be (-150)/(-35) - 2/7. Let x(u) = 3*u**2 - u + 2. Let o(v) = 2*v**2 - v + 2. Let b(l) = t*o(l) - 3*x(l). Calculate b(s).
-10
Suppose 5*y + 62 = -11*j, 2*y - 7*j = -5*j + 20. Let m(g) = 3*g**3 + g**3 + 2 - 4*g**2 - 3*g**3 - 2*g. Calculate m(y).
-13
Suppose 0 = -402*w + 414*w - 24. Let j(r) = 7*r. What is j(w)?
14
Let l(m) = -17 - 4*m + m**2 + 2 + 17 + 10. Determine l(5).
17
Let w(y) = y**2 + 8*y + 10. Let x(t) = -4*t - 59. Let q be x(-14). What is w(q)?
-5
Let d(n) = -n**3 - 6*n**2 + 7*n - 2. Suppose 0*p + 34 = -2*p - 4*f, -5*f - 25 = 0. Determine d(p).
-2
Let w(p) be the third derivative of p**5/30 - 5*p**4/12 + 3*p**3/2 + 2*p**2 - 197*p. Give w(6).
21
Let c(n) be the third derivative of n**4/24 + n**3/3 + n**2 - 86*n. Suppose -3 = t - 8. Calculate c(t).
7
Let x(z) = z**2 - 7*z. Let u be x(6). Let o(l) = -l**2 - l. Let t(i) = 8*i**3 - 7*i**2 - 7*i - 1. Let m(j) = u*o(j) + t(j). Give m(-1).
-9
Let q(j) be the third derivative of 0*j + 1/8*j**4 + j**3 + 25*j**2 + 0 + 1/60*j**5. What is q(-4)?
10
Let a(u) = u + 4. Let c be 3/9 - (-35)/21. Let l be 0*(3 - c) - 3. Calculate a(l).
1
Let v be 44/(-3) + 2/3. Let j be (6/(-4))/(3/v). Let r(k) = 2*k**3 - 4*k**2 + 6*k + 3 + j*k**2 - k**3 + 4*k**2. Calculate r(-6).
3
Let y(b) be the second derivative of -b**4/12 - b**3 - b**2 - 2*b - 53. Let u be 1/(1 - (-16)/(-14)). Determine y(u).
-9
Let n = -6 + -1. Let i = 1 + 2. Let w(m) = 10 - i + 579*m - 578*m. Give w(n).
0
Let h(q) = q**2 - q + 1. Suppose 39*s - 37*s + 12 = 0. Let u be -6*s/36*2. Determine h(u).
3
Let p(d) = 2*d. Let h(r) = -14*r - 4. Let k be h(-2). Suppose 19*z = k*z + 10. Calculate p(z).
-4
Let v(s) = -31*s + 60. Let x be v(2). Let q(c) = 3*c + 5. Calculate q(x).
-1
Let u(k) = -8*k - 4. Let j(c) = -9*c - 5. Let s(m) = 3*j(m) - 4*u(m). Calculate s(-3).
-14
Let y(h) = h**2 + 5*h - 4. Let r = 14 - 17. Let c = 0 + 1. Let d be (r/(-9))/(c/(-15)). Determine y(d).
-4
Let q(w) = 3*w - 5. Let p be q(2). Let l(b) = -13*b + 1. Let x(c) be the second derivative of 13*c**3/3 - c**2 + 4*c. Let d(k) = 5*l(k) + 2*x(k). Give d(p).
-12
Let k(o) = 2*o + 27. Let g(r) = 10*r - 180. Let m be g(17). Calculate k(m).
7
Let u(l) be the second derivative of 1/12*l**4 + 1/2*l**3 + 3*l + 0 + 5/2*l**2. Determine u(-4).
9
Let u(b) = 6 + 132*b + 9 - 135*b - 6. Determine u(8).
-15
Let d = -1429 - -1426. Let c(z) = z + 6. Calculate c(d).
3
Let n be (-58 + 10)/8 + 6. Let z(t) be 